rs of 104499.
3, 17, 683
What are the prime factors of 337952?
2, 59, 179
List the prime factors of 89192.
2, 11149
What are the prime factors of 2406740?
2, 5, 7, 17191
What are the prime factors of 1152933?
3, 227, 1693
What are the prime factors of 7294?
2, 7, 521
List the prime factors of 244732.
2, 17, 59, 61
What are the prime factors of 3852253?
3852253
What are the prime factors of 914104?
2, 163, 701
What are the prime factors of 13106364?
2, 3, 83, 13159
What are the prime factors of 4632?
2, 3, 193
What are the prime factors of 6455952?
2, 3, 107, 419
List the prime factors of 2677275.
3, 5, 73, 163
List the prime factors of 3394231.
3394231
What are the prime factors of 231730?
2, 5, 23173
What are the prime factors of 27203016?
2, 3, 1133459
List the prime factors of 12943546.
2, 7, 11, 12007
List the prime factors of 17355401.
7, 139, 17837
List the prime factors of 1573942.
2, 786971
List the prime factors of 127125.
3, 5, 113
List the prime factors of 3779379.
3, 103, 151
List the prime factors of 519525.
3, 5, 2309
What are the prime factors of 509111?
59, 8629
What are the prime factors of 5172425?
5, 206897
List the prime factors of 2036632.
2, 13, 19583
What are the prime factors of 122406?
2, 3, 23, 887
What are the prime factors of 91421?
11, 8311
List the prime factors of 4404726.
2, 3, 81569
What are the prime factors of 4002342?
2, 3, 647, 1031
What are the prime factors of 2550735?
3, 5, 11, 5153
List the prime factors of 176732.
2, 17, 23, 113
What are the prime factors of 595560?
2, 3, 5, 7, 709
What are the prime factors of 198876?
2, 3, 16573
What are the prime factors of 33491?
107, 313
List the prime factors of 4603244.
2, 19, 37, 1637
List the prime factors of 413592.
2, 3, 19, 907
List the prime factors of 289200.
2, 3, 5, 241
List the prime factors of 3389644.
2, 37, 619
What are the prime factors of 2381875?
5, 37, 103
What are the prime factors of 40430464?
2, 263, 1201
List the prime factors of 101171.
7, 97, 149
List the prime factors of 913517.
11, 83047
List the prime factors of 1292577.
3, 11, 13, 23, 131
What are the prime factors of 135340?
2, 5, 67, 101
List the prime factors of 1236780.
2, 3, 5, 6871
What are the prime factors of 15865974?
2, 3, 53, 16631
List the prime factors of 6847377.
3, 2282459
What are the prime factors of 6824154?
2, 3, 19, 31, 1931
What are the prime factors of 880390?
2, 5, 7, 12577
What are the prime factors of 299970?
2, 3, 5, 11, 101
What are the prime factors of 281557?
281557
List the prime factors of 633325.
5, 7, 11, 47
List the prime factors of 289788.
2, 3, 19, 31, 41
What are the prime factors of 25561651?
43, 594457
What are the prime factors of 365823?
3, 17, 797
List the prime factors of 39310.
2, 5, 3931
What are the prime factors of 221373?
3, 911
What are the prime factors of 134897?
7, 2753
What are the prime factors of 258174?
2, 3, 7, 683
What are the prime factors of 348619?
17, 20507
What are the prime factors of 1018662?
2, 3, 169777
What are the prime factors of 380124?
2, 3, 10559
List the prime factors of 3502532.
2, 11, 23, 3461
List the prime factors of 36559928.
2, 17, 268823
What are the prime factors of 10505591?
991, 10601
List the prime factors of 17731723.
263, 67421
What are the prime factors of 6981839?
227, 30757
List the prime factors of 2356624.
2, 147289
What are the prime factors of 8850043?
2131, 4153
List the prime factors of 149014.
2, 74507
What are the prime factors of 1804221?
3, 19, 3517
What are the prime factors of 223943?
239, 937
List the prime factors of 554543.
11, 4583
What are the prime factors of 3409317?
3, 126271
What are the prime factors of 3313769?
3313769
List the prime factors of 7437596.
2, 53, 35083
What are the prime factors of 373121?
7, 151, 353
List the prime factors of 569437.
11, 51767
What are the prime factors of 453866?
2, 7, 17, 1907
List the prime factors of 19913735.
5, 3982747
What are the prime factors of 264218?
2, 132109
List the prime factors of 412596.
2, 3, 73, 157
What are the prime factors of 3897320?
2, 5, 7, 31, 449
List the prime factors of 1348629.
3, 449543
List the prime factors of 554946.
2, 3, 7, 73, 181
List the prime factors of 784817.
11, 71347
What are the prime factors of 1299357?
3, 59, 2447
List the prime factors of 14943060.
2, 3, 5, 11, 7547
List the prime factors of 36334.
2, 37, 491
List the prime factors of 1709147.
11, 155377
What are the prime factors of 2798527?
2798527
List the prime factors of 19033949.
11, 23, 3271
What are the prime factors of 93951?
3, 11, 13, 73
What are the prime factors of 23924174?
2, 569, 21023
What are the prime factors of 6633488?
2, 59, 7027
What are the prime factors of 1546170?
2, 3, 5, 51539
List the prime factors of 608076.
2, 3, 7, 19, 127
List the prime factors of 143392.
2, 4481
List the prime factors of 68214.
2, 3, 11369
List the prime factors of 4061582.
2, 7, 290113
What are the prime factors of 2208501?
3, 245389
List the prime factors of 31825542.
2, 3, 7, 757751
What are the prime factors of 245122?
2, 122561
List the prime factors of 8870547.
3, 7, 422407
List the prime factors of 24428058.
2, 3, 1601, 2543
List the prime factors of 7519259.
11, 293, 2333
What are the prime factors of 10341329?
23, 521, 863
List the prime factors of 15554466.
2, 3, 864137
What are the prime factors of 875080?
2, 5, 131, 167
List the prime factors of 257332.
2, 64333
What are the prime factors of 719432?
2, 7, 29, 443
What are the prime factors of 4343485?
5, 868697
What are the prime factors of 298850?
2, 5, 43, 139
What are the prime factors of 11686944?
2, 3, 23, 67, 79
List the prime factors of 29308.
2, 17, 431
List the prime factors of 4159303.
4159303
What are the prime factors of 287259?
3, 7, 13679
List the prime factors of 2391085.
5, 151, 3167
What are the prime factors of 6923295?
3, 5, 137, 1123
List the prime factors of 7207862.
2, 3603931
List the prime factors of 22952710.
2, 5, 11, 31, 53, 127
What are the prime factors of 995448?
2, 3, 19, 37, 59
List the prime factors of 6197423.
163, 193, 197
List the prime factors of 2999581.
13, 17749
List the prime factors of 224090.
2, 5, 22409
What are the prime factors of 16045514?
2, 41, 195677
What are the prime factors of 920362?
2, 460181
List the prime factors of 189242.
2, 94621
What are the prime factors of 1707659?
43, 151, 263
What are the prime factors of 7854710?
2, 5, 157, 5003
What are the prime factors of 13257785?
5, 29, 91433
What are the prime factors of 136770?
2, 3, 5, 47, 97
What are the prime factors of 3373271?
11, 306661
What are the prime factors of 356687?
19, 18773
List the prime factors of 859107.
3, 286369
What are the prime factors of 199785?
3, 5, 19, 701
What are the prime factors of 6038056?
2, 31, 97, 251
List the prime factors of 2654579.
571, 4649
What are the prime factors of 16060905?
3, 5, 7, 67, 761
List the prime factors of 315994.
2, 7, 22571
List the prime factors of 147162.
2, 3, 24527
What are the prime factors of 27520?
2, 5, 43
List the prime factors of 8339.
31, 269
What are the prime factors of 2932536?
2, 3, 19, 59, 109
List the prime factors of 766800.
2, 3, 5, 71
What are the prime factors of 768070?
2, 5, 89, 863
List the prime factors of 298211.
298211
List the prime factors of 4269702.
2, 3, 711617
List the prime factors of 1312987.
13, 100999
List the prime factors of 10541739.
3, 13, 137, 1973
What are the prime factors of 2431127?
2431127
List the prime factors of 104339.
103, 1013
List the prime factors of 1279086.
2, 3, 213181
List the prime factors of 2123389.
83, 25583
List the prime factors of 301566.
2, 3, 50261
List the prime factors of 11483254.
2, 167, 34381
What are the prime factors of 248501?
11, 19, 29, 41
What are the prime factors of 77924?
2, 7, 11, 23
What are the prime factors of 11967208?
2, 11, 239, 569
List the prime factors of 29852679.
3, 107, 113, 823
List the prime factors of 10418137.
19, 548323
What are the prime factors of 5156376?
2, 3, 214849
List the prime factors of 16590.
2, 3, 5, 7, 79
List the prime factors of 291522.
2, 3, 7, 11, 631
List the prime factors of 1847290.
2, 5, 31, 59, 101
List the prime factors of 10929644.
2, 11, 248401
What are the prime factors of 304397?
43, 7079
Li